 a multiple of 618?
True
Is 272 a factor of 490144?
True
Does 9 divide 302274?
True
Does 26 divide 119158?
True
Is 16778 a multiple of 59?
False
Does 1243 divide 2166451?
False
Is 12721 a multiple of 140?
False
Does 925 divide 4738775?
True
Is 10 a factor of 93520?
True
Is 130322 a multiple of 34?
True
Is 4 a factor of 375?
False
Is 48604 a multiple of 468?
False
Is 14 a factor of 280098?
True
Does 11 divide 390765?
False
Is 391978 a multiple of 14?
False
Does 343 divide 4923765?
True
Is 1159077 a multiple of 27?
False
Does 130 divide 795986?
False
Is 97 a factor of 53447?
True
Does 125 divide 21821337?
False
Is 1433436 a multiple of 70?
False
Is 4716140 a multiple of 11?
True
Is 262 a factor of 6892085?
False
Is 45 a factor of 9989980?
False
Is 2031283 a multiple of 232?
False
Does 26 divide 188568?
False
Is 1808128 a multiple of 997?
False
Does 176 divide 96624?
True
Is 175410 a multiple of 395?
False
Does 984 divide 2513275?
False
Does 2 divide 46439?
False
Is 3 a factor of 54434?
False
Is 117 a factor of 50778?
True
Is 3022599 a multiple of 43?
True
Is 44 a factor of 188945?
False
Is 19369790 a multiple of 274?
False
Is 6 a factor of 29298?
True
Is 13 a factor of 286242?
False
Does 7 divide 775880?
True
Does 42 divide 356949?
False
Is 1303001 a multiple of 12?
False
Does 1767 divide 3376737?
True
Is 401 a factor of 654254?
False
Does 249 divide 10854159?
True
Is 947 a factor of 1322012?
True
Does 50 divide 300600?
True
Is 1563590 a multiple of 14?
True
Is 838893 a multiple of 363?
True
Is 345831 a multiple of 47?
False
Is 601694 a multiple of 214?
False
Does 36 divide 26496?
True
Does 34 divide 12677?
False
Is 9 a factor of 2483535?
False
Is 682603 a multiple of 3?
False
Is 150988 even?
True
Is 297 a factor of 1138104?
True
Does 15 divide 295535?
False
Is 297 a factor of 39204?
True
Does 2 divide 74975?
False
Is 426310 a multiple of 5?
True
Is 130119 a multiple of 33?
True
Is 63856 a multiple of 12?
False
Is 16 a factor of 140193?
False
Is 80 a factor of 51106?
False
Is 176 a factor of 1769983?
False
Is 164 a factor of 130919?
False
Is 563813 a multiple of 85?
False
Is 69384 a multiple of 42?
True
Is 5703777 a multiple of 100?
False
Does 4 divide 1217691?
False
Is 5518723 a multiple of 1396?
False
Is 25 a factor of 203675?
True
Is 7826706 a multiple of 18?
True
Is 371 a factor of 1837192?
True
Is 9 a factor of 1493104?
False
Is 11 a factor of 68255?
True
Is 53 a factor of 306287?
True
Does 170 divide 2758760?
True
Is 1010850 a multiple of 50?
True
Is 2500 a multiple of 3?
False
Does 316 divide 43292?
True
Is 249314 a multiple of 82?
False
Does 149 divide 72414?
True
Is 85 a factor of 1840788?
False
Does 278 divide 1098194?
False
Is 148 a factor of 7686091?
False
Does 57 divide 288288?
False
Is 16077 a multiple of 16?
False
Is 157 a factor of 12221838?
False
Is 28 a factor of 840?
True
Does 2 divide 114709?
False
Does 230 divide 5052862?
False
Does 28 divide 687428?
True
Is 7990994 a multiple of 7?
False
Is 25560 a multiple of 10?
True
Is 68 a factor of 13203492?
True
Is 391 a factor of 186507?
True
Is 332 a factor of 5146421?
False
Is 529962 a multiple of 5?
False
Does 6 divide 460990?
False
Does 11 divide 79640?
True
Is 17 a factor of 2574531?
True
Is 2262 a multiple of 10?
False
Is 121987 a multiple of 3?
False
Is 58537 a multiple of 12?
False
Is 17639 a multiple of 31?
True
Is 272964 a multiple of 43?
True
Does 146 divide 137447?
False
Is 8586375 a multiple of 105?
True
Is 2558313 a multiple of 61?
False
Does 30 divide 5533000?
False
Is 24 a factor of 38997?
False
Does 6 divide 33192?
True
Is 20 a factor of 568125?
False
Is 6870495 a multiple of 37?
False
Does 915 divide 1136430?
True
Does 677 divide 5058607?
False
Does 32 divide 4759616?
True
Does 30 divide 3091170?
True
Does 14 divide 6186519?
False
Is 3205840 a multiple of 42?
False
Is 8297046 a multiple of 153?
False
Is 2486102 a multiple of 103?
False
Is 125042 a multiple of 103?
True
Is 21 a factor of 610953?
True
Is 110 a factor of 62998?
False
Does 946 divide 2362906?
False
Is 922743 a multiple of 228?
False
Is 3 a factor of 6640?
False
Is 12 a factor of 247959?
False
Does 15 divide 317166?
False
Is 65368 a multiple of 11?
False
Does 299 divide 119947?
False
Is 294348 a multiple of 26?
False
Is 54 a factor of 149324?
False
Does 24 divide 25559?
False
Is 46540 a multiple of 52?
True
Is 244 a factor of 402844?
True
Is 5 a factor of 516050?
True
Is 547650 a multiple of 45?
True
Is 4296556 a multiple of 22?
True
Does 23 divide 294081?
False
Is 623 a factor of 1172203?
False
Is 6780508 a multiple of 7?
True
Does 95 divide 2796135?
True
Is 8891034 a multiple of 102?
True
Is 54 a factor of 150768?
True
Does 31 divide 95799?
False
Does 45 divide 539280?
True
Does 11 divide 561633?
False
Does 7 divide 391126?
False
Does 8 divide 826138?
False
Does 19 divide 77426?
False
Does 144 divide 1501776?
True
Is 61 a factor of 168366?
False
Is 69 a factor of 108123?
True
Is 34 a factor of 69224?
True
Is 17 a factor of 1228004?
False
Is 1399494 a multiple of 356?
False
Does 349 divide 5466144?
False
Does 7 divide 143458?
True
Is 128832 a multiple of 132?
True
Is 59 a factor of 5355489?
True
Is 12 a factor of 361018?
False
Is 3910920 a multiple of 872?
True
Does 4 divide 3451514?
False
Is 4442 a multiple of 135?
False
Is 147 a factor of 855834?
True
Is 11134 even?
True
Is 28 a factor of 96090?
False
Does 26 divide 201552?
True
Is 721 a factor of 806799?
True
Is 10 a factor of 319467?
False
Is 187 a factor of 13951135?
True
Is 917 a multiple of 6?
False
Does 25 divide 260725?
True
Is 3 a factor of 14302?
False
Is 3513561 a multiple of 769?
True
Is 3564 a multiple of 47?
False
Does 23 divide 1840793?
False
Is 1172711 a multiple of 306?
False
Does 14 divide 1906126?
False
Is 3 a factor of 26906?
False
Is 9918746 a multiple of 48?
False
Does 177 divide 26177?
False
Does 36 divide 1862973?
False
Does 12 divide 535068?
True
Does 12 divide 546720?
True
Is 81 a factor of 1398362?
False
Does 38 divide 874855?
False
Is 140470 a multiple of 110?
True
Is 1130411 even?
False
Is 7 a factor of 14837445?
True
Is 2354 a factor of 10009208?
True
Does 12 divide 285452?
False
Is 466 a factor of 996308?
True
Does 66 divide 2513412?
True
Is 299 a factor of 8563061?
True
Does 84 divide 287359?
False
Is 52899 a multiple of 419?
False
Is 204518 a multiple of 2?
True
Does 28 divide 7067011?
False
Is 10 a factor of 25660?
True
Is 96 a factor of 1616736?
True
Does 8 divide 228048?
True
Is 18 a factor of 661212?
True
Is 1129054 a multiple of 190?
False
Does 6 divide 5779572?
True
Is 2 a factor of 37150?
True
Does 237 divide 199554?
True
Does 180 divide 1138513?
False
Is 1848425 a multiple of 691?
True
Is 216179 a multiple of 10?
False
Does 19 divide 23055?
False
Is 754552 even?
True
Does 46 divide 1135398?
False
Is 820 a factor of 1692023?
False
Is 2705300 a multiple of 25?
True
Is 2456662 a multiple of 19?
True
Does 6 divide 121756?
False
Does 20 divide 28340460?
True
Is 11640 a multiple of 12?
True
Is 96716 a multiple of 109?
False
Is 36 a factor of 806546?
False
Does 253 divide 7590?
True
Is 112 a factor of 2266432?
True
Is 19 a factor of 1520160?
False
Is 307071 a multiple of 459?
True
Is 303 a factor of 417231?
True
Does 34 divide 2374376?
False
Does 319 divide 1999811?
True
Does 131 divide 49387?
True
Does 995 divide 246253?
False
Is 19 a factor of 2745405?
True
Is 42392 a multiple of 8?
True
Is 34 a factor of 17270?
False
Does 184 divide 22536819?
False
Is 135863 a multiple of 63?
False
Is 104 a factor of 130017?
False
Is 1341293 a multiple of 419?
False
Does 6 divide 23670?
True
Is 58410 a multiple of 28?
False
Is 2618340 a multiple of 15?
True
Is 2013589 a multiple of 3?
False
Is 115848 a multiple of 187?
False
Is 6 a factor of 26990?
False
Is 20 a factor of 304440?
True
Is 4004464 a multiple of 7?
False
Is 5375748 a multiple of 42?
True
Is 27 a factor of 10288863?
True
Does 1185 divide 2845185?
True
Is 10880 a multiple of 544?
True
Is 6015210 a multiple of 366?
True
Is 5 a factor of 17052?
False
Does 1025 divide 1717955?
False
Is 122 a factor of 118696?
False
Is 80 a factor of 156640?
True
Is 389145 a multiple of 525?
False
Is 8 a factor of 295080?
True
Is 110 a factor of 6599780?
True
Does 551 divide 1238414?
Fa